e units digit of y(-5)?
9
Let l(f) = -f**3 - 15*f**2 + 5*f + 75. Suppose t + t + 4*j + 16 = 0, 4*t + j + 60 = 0. What is the tens digit of l(t)?
5
Let d(f) = -f**2 - 29*f + 33. Let m be d(-30). Suppose -2*j = -m*w - 6*j + 280, 2*w = -2*j + 184. What is the tens digit of w?
8
Let g = 3296 + -6976. Let l be (-1)/(g/(-3682) - 1). Suppose -a = -8*a + l. What is the units digit of a?
3
Let g be (-8)/((-56)/21) + -2 + 60. Suppose -d + g = -56. What is the tens digit of d?
1
Let d be (4/2 - 3)*(-368)/8. Let l = 533 - d. What is the units digit of l?
7
Let z = -16219 + 27365. What is the hundreds digit of z?
1
Let i = 671 + -478. Let z(m) = -640*m + 2453. Let q be z(4). Let w = q + i. What is the units digit of w?
6
Suppose 0 = -18*k + 9*k - 4707. Let z = k + 888. What is the units digit of z?
5
Suppose -8*s + 37 = -371. Suppose s*q + 858 = 53*q. What is the units digit of q?
9
Suppose -2605 = -5*f + 4*d, 5*f = 2*f + 5*d + 1576. Suppose 4*o - f = 751. What is the tens digit of o?
1
Suppose 7118 = -5*o - g, 3*o + 2*o + 3*g = -7124. Let r = o + 2613. What is the hundreds digit of r?
1
Let f = -5501 + 24301. What is the units digit of f?
0
Let w(v) = -v**2 - 15*v + 40. Let m be w(-23). What is the tens digit of m/(-1) + 4/1 + -4?
4
Let h = 6286 + -4733. What is the hundreds digit of h?
5
Let y(r) = r + 18. Let q be y(-16). Let l = 22 - 17. Suppose -5*z + 121 = q*n - 10*z, 0 = -l*z + 5. What is the tens digit of n?
6
Let b = 244 + -246. What is the units digit of 219 + (2 - b)*10/40?
0
Let r = -1246 + 863. Let p = 1464 + r. What is the units digit of p?
1
Let r be (0 + -3)*1 - -5. Suppose 0*l - 2*m = 4*l - 18, 0 = 2*m + r. Suppose 2*w = b - 28, -64 = -2*b + l*w - 3*w. What is the units digit of b?
6
Suppose -13*a = -7*a. Suppose 1920 = 19*u - 7*u. Suppose a = -0*d + d - u. What is the units digit of d?
0
Suppose -3*f = -2*f - 336. Suppose i = 3*o - 320 + 128, i + o = -192. Let m = f + i. What is the tens digit of m?
4
Let o(t) = -3*t**2 + 35*t - 248. Let q be o(13). Let d = 743 + q. What is the hundreds digit of d?
4
Let s(v) = 42*v**2 + 182*v - 196. What is the hundreds digit of s(22)?
1
Suppose -6 = -3*k, -5*k + 3*k = -2*m + 20968. What is the hundreds digit of m?
4
Let z(k) = -20*k + 1886. What is the hundreds digit of z(84)?
2
Let q = 137 + -104. Suppose q*y = 27*y. Suppose -i = -3*j - y*i + 230, 70 = j + i. What is the tens digit of j?
7
Let w(r) = -r**3 - 8*r**2 - 9*r - 11. Let o be w(-8). Let z = 94 - o. What is the units digit of (1 + 2)*220/z?
0
What is the tens digit of 116858/119 + (-1)/(-3)*(2 + 1)?
8
Let y be -1 - (-219)/(-12) - 2/(-8). Let s be (-1 + y)/5 - -7. Suppose -5*k = 3*l - 97, -l + 120 = s*l + 2*k. What is the units digit of l?
9
Suppose 3*q + 6 = 21. Suppose -q*h - 3*p = 90, 3*h + 90 = -2*h - 4*p. Let m = h + 54. What is the tens digit of m?
3
Let j = -693 + 376. Let l = 1495 + j. What is the hundreds digit of l?
1
What is the thousands digit of -353*((-54)/4 + 13/(-26))?
4
Suppose 31*j + 0 = 62. Let k = -32 + 270. Suppose h + j*c = -h + 126, 3*c = 4*h - k. What is the tens digit of h?
6
Suppose 5*g = -3*q + 52458 - 14636, 5*q + 37870 = 5*g. What is the hundreds digit of g?
5
Let z(s) = 1316*s - 291. What is the thousands digit of z(8)?
0
Let g(y) = 172*y**2 - 88*y - 440. What is the units digit of g(-5)?
0
Let w be 135/(-90)*(-380)/(-3). Let j = w - -466. What is the hundreds digit of j?
2
Let r(u) = 583*u**2 + 65*u - 479. What is the ten thousands digit of r(8)?
3
Let v(m) = 59*m + 4. Let g(f) = -4*f - 19. Let s be g(-5). Let q be v(s). Suppose 2*l = q - 35. What is the tens digit of l?
1
Let b(a) = -19*a**3 + 11*a**2 + 38*a - 22. What is the units digit of b(-6)?
0
Suppose 2*x - 4*x + 93326 = 4*d, -4*x - 16*d = -186692. What is the tens digit of x?
5
Let y be (-14)/(-63) - (0 + (-40)/(-18)). Let n be ((-2)/y)/((-1)/(-2)). Suppose -6*c = -n*c - 992. What is the units digit of c?
8
Let u(j) = j**3 + 10*j**2 + 5*j - 17. Let x be u(-9). Suppose 0 = -2*v + 3*n - 7*n - 30, -v - x = 3*n. What is the units digit of 3 + v/((-7)/(-2))?
1
Suppose 211*o - 126 = 225*o. Let s(y) = -110*y + 98. What is the tens digit of s(o)?
8
Suppose -4*f = -5*x - 137, -1181*f + 1183*f - 3*x = 71. Let i(y) = y**2 + y - 4. Let h be i(-3). Suppose f + 18 = h*s. What is the units digit of s?
3
Suppose -2*a + 528 = 4*a. Suppose r - 4*r + a = 4*d, -4*d + 16 = 0. Let k = r - -64. What is the units digit of k?
8
Suppose -4*s + 19 = -9*v + 12*v, s = 5*v - 1. What is the thousands digit of v*(-1 - -18*59)?
1
Let g be (4/3)/((-2)/(-1587)). Let k = g - -36. What is the tens digit of k?
9
Let q(n) = n**3 - 12*n**2 + 10*n + 11. Let x be q(11). Suppose k - 10*k + 90 = x. Suppose -2*m = -k, 740 = 3*z - m + 2*m. What is the units digit of z?
5
What is the thousands digit of 4/(-6)*(-45)/(-60)*(-33626 - -4)?
6
Suppose 7*s = 218 - 197. What is the hundreds digit of 1 - (3 - 556) - s?
5
Let w = 3090 - 3070. Suppose -a = -l + 1, -14 = -a - 0*a - 2*l. Suppose -2*o - o + a*d = -36, 2*o = 4*d + w. What is the tens digit of o?
1
Let v(q) = 5051*q + 2976. What is the tens digit of v(5)?
3
Suppose 32027 = 4*v + 3*d, 374*d = 3*v + 378*d - 24015. What is the thousands digit of v?
8
What is the thousands digit of 18618 + (-10 - (-10 - -1)) + 0?
8
Let w(v) = 29*v - 6. Let q be w(0). Let o(a) be the first derivative of -5*a**2 - 41*a - 4. What is the units digit of o(q)?
9
Suppose 4*w = 3*n - 25987, 5913 + 37387 = 5*n + 5*w. What is the units digit of n?
1
Suppose -4*r = 2*t - r - 26, -3*r + 65 = 5*t. Suppose 0 = t*l - 1948 - 574. What is the hundreds digit of l?
1
Suppose 5*v - 226 = 2*z, -6*v + 3*z = -3*v - 141. Let k = 46 - v. What is the tens digit of 1*k*(-25)/(-10)*19?
9
Let y be (-12)/(-10)*105/63. Suppose -3*n - 1753 - 723 = -4*t, -3*t + 1857 = -y*n. What is the hundreds digit of t?
6
Let f = -5063 + 10136. What is the thousands digit of f?
5
Let t(r) = -r**3 - 5*r**2 - 5*r + 8. Let q be t(-9). Let s = q - 316. What is the units digit of s?
1
Suppose -52*k - 50*k + 104*k - 4472 = 0. What is the thousands digit of k?
2
Let x(w) be the second derivative of 2*w**3 - w**2/2 - 23*w. Suppose -5*h + 4 = 4*f - 6, 0 = 3*h + 2*f - 8. What is the tens digit of x(h)?
7
Let o = 144389 - 66895. What is the hundreds digit of o?
4
Let b = 12124 + -5890. What is the tens digit of b?
3
Let k(a) = -40*a + 55. Let f be k(7). Let u = f - -242. What is the units digit of u?
7
Let o = 42 - 42. Suppose -5 = -5*j - 2*x - 20, o = -5*j + 5*x - 50. What is the units digit of (j - -44)/((-12)/(-10) + -1)?
5
Suppose -3*y + 4*r = -7746, -13*y - 4*r + 5164 = -11*y. Suppose 6455 = 5*k + 3*g, 5*g = -2*k + g + y. What is the tens digit of k?
9
Let x = -30466 - -50828. What is the hundreds digit of x?
3
Let w(o) = -1098*o + 21. What is the ten thousands digit of w(-11)?
1
Suppose l - 3920 = 3*j, -3*j + 7 + 5 = 0. Suppose 5*b - l + 947 = 0. What is the units digit of b?
7
Suppose -p + b = 2, -3*b = -0*p + 2*p - 16. Let r be 93*(-15)/(-15 - 0). Suppose -4*h + 0*x + 372 = -p*x, h + x = r. What is the units digit of h?
3
Let m = 8 + -7. Let p(i) = 145*i**3 - 4*i**2 + 5*i - 2. Let l be p(m). Let z = -17 + l. What is the units digit of z?
7
Let g = -108 - -117. Suppose -6*k = -g*k + 195. What is the tens digit of k?
6
Suppose -16*u + 110 = -11*u. Suppose u*m = r + 18*m - 1498, -5*r + 7365 = 5*m. What is the hundreds digit of r?
4
Suppose -4*g - 9 = -21. Suppose 3 + 507 = 3*f + g*b, 0 = 2*f + 5*b - 337. Let j = f - 113. What is the units digit of j?
8
Let b(y) be the first derivative of y**6/60 - y**5/15 + 3*y**4/8 + 7*y**3 + 31. Let m(n) be the third derivative of b(n). What is the hundreds digit of m(5)?
1
Let r be -31 + 29 + (-1)/(1/5). Let w(y) = 4*y**2 + 9*y - 5. What is the tens digit of w(r)?
2
Let j(o) = -7*o**2 - 217*o + 2. Let y be j(-31). Suppose -f + 15 = -y*n, -3*n - 10 + 16 = 0. What is the tens digit of f?
1
Suppose -n - 7*h + 24631 = -5*h, 5*h = -15. What is the units digit of n?
7
Let m(q) = 44*q**2 + 11*q + 61. What is the thousands digit of m(12)?
6
Suppose -6*t - 25 = -p - 2*t, -4*p - t + 15 = 0. Let y be (-5 - -6)/(1/p). Suppose -y*b - 29 = -6*b. What is the tens digit of b?
2
Let b(w) = -49*w**3 + 50*w**3 - 3*w**2 + w**2. What is the hundreds digit of b(6)?
1
Let m = 10689 - 6060. What is the hun